-- https://www.phpmyadmin.net/
--
-- Servidor: localhost:3306
-- Tiempo de generación: 17-08-2020 a las 15:34:02
-- Versión del servidor: 5.7.30-cll-lve
-- Versión de PHP: 7.3.6

START TRANSACTION;



--
-- Base de datos: `cxn63198_plantanueva`
--

-- --------------------------------------------------------

--
-- Estructura de tabla para la tabla `calibre`
--

CREATE TABLE `calibre` (
  `idcalibre` int(11) NOT NULL,
  `fruta` int(11) NOT NULL,
  `nombrecalibre` varchar(45) COLLATE utf8_bin NOT NULL
) ENGINE=InnoDB DEFAULT CHARSET=utf8 COLLATE=utf8_bin;

--
-- Volcado de datos para la tabla `calibre`
--

INSERT INTO `calibre` (`idcalibre`, `fruta`, `nombrecalibre`) VALUES
(5, 6, '< 10MM'),
(7, 6, '16MM - 18MM'),
(8, 6, '> 22MM (JUMBO)'),
(15, 7, 'SOBRE CALIBRE '),
(16, 7, 'SIN CALIBRAR'),
(21, 7, 'BAJO CALIBRE '),
(26, 11, '20X20'),
(27, 6, '< 6MM (PITILLA)'),
(28, 8, '> 14MM'),
(29, 1, '10X10'),
(30, 6, '6MM - 8MM'),
(31, 6, '8MM - 10MM'),
(32, 6, '10MM - 12MM'),
(33, 6, '12MM - 16MM'),
(34, 7, '22MM - 38MM');

-- --------------------------------------------------------

--
-- Estructura de tabla para la tabla `calidad`
--

CREATE TABLE `calidad` (
  `idcalidad` int(11) NOT NULL,
  `fruta` int(11) NOT NULL,
  `nombrecalidad` varchar(45) COLLATE utf8_bin NOT NULL
) ENGINE=InnoDB DEFAULT CHARSET=utf8 COLLATE=utf8_bin;

--
-- Volcado de datos para la tabla `calidad`
--

INSERT INTO `calidad` (`idcalidad`, `fruta`, `nombrecalidad`) VALUES
(5, 6, 'PAIS'),
(6, 6, 'IQF (A)'),
(7, 6, 'IQF (B)'),
(8, 6, 'NO CONFORME'),
(9, 8, 'JUGO'),
(10, 8, 'CRUMBLE LIMPIO'),
(11, 8, 'CRUMBLE SUCIO'),
(12, 8, 'IQF (A)'),
(13, 8, 'WHOLE & BROKEN IQF (B)'),
(14, 8, 'NO CONFORME'),
(15, 7, 'IQF (A)'),
(16, 7, 'IQF (B)'),
(17, 7, 'JUGO'),
(18, 7, 'NO CONFORME'),
(19, 5, 'IQF (A)'),
(20, 5, 'IQF (B)'),
(21, 5, 'JUGO'),
(22, 5, 'NO CONFORME'),
(23, 9, 'IQF (A)'),
(24, 9, 'IQF (B)'),
(25, 9, 'JUGO'),
(26, 9, 'PALO'),
(27, 9, 'NO CONFORME'),
(28, 10, 'IQF (A)'),
(29, 10, 'JUGO'),
(30, 10, 'NO CONFORME'),
(31, 1, 'IQF (A)'),
(32, 1, 'JUGO'),
(33, 1, 'NO CONFORME'),
(34, 11, 'IQF BLOCK'),
(35, 11, 'IQF (A)'),
(36, 11, 'NO CONFORME'),
(37, 12, 'IQF (A)'),
(38, 12, 'IQF (B)'),
(39, 12, 'JUGO'),
(40, 12, 'NO CONFORME');

-- --------------------------------------------------------

--
-- Estructura de tabla para la tabla `controltemporada`
--

CREATE TABLE `controltemporada` (
  `idcontroltemporada` int(11) NOT NULL,
  `controltemporada` int(11) NOT NULL
) ENGINE=InnoDB DEFAULT CHARSET=utf8 COLLATE=utf8_bin;

-- --------------------------------------------------------

--
-- Estructura de tabla para la tabla `despacho`
--

CREATE TABLE `despacho` (
  `iddespacho` int(11) NOT NULL,
  `cliente` varchar(45) COLLATE utf8_bin NOT NULL,
  `po` varchar(45) COLLATE utf8_bin NOT NULL,
  `productocarga` varchar(45) COLLATE utf8_bin DEFAULT NULL,
  `guia` varchar(45) COLLATE utf8_bin DEFAULT NULL,
  `fechacarga` date NOT NULL,
  `transporte` int(11) NOT NULL,
  `temperatura` int(11) NOT NULL,
  `estadocarga` int(11) NOT NULL,
  `accioncorrectiva` text COLLATE utf8_bin,
  `observaciones` text COLLATE utf8_bin,
  `numerosello` varchar(45) COLLATE utf8_bin NOT NULL,
  `numerotermografo` varchar(45) COLLATE utf8_bin DEFAULT NULL,
  `numerocontainer` varchar(45) COLLATE utf8_bin DEFAULT NULL,
  `shippingcompany` varchar(45) COLLATE utf8_bin DEFAULT NULL,
  `nombrechofer` varchar(45) COLLATE utf8_bin DEFAULT NULL,
  `rutchofer` varchar(45) COLLATE utf8_bin DEFAULT NULL,
  `celular` varchar(45) COLLATE utf8_bin DEFAULT NULL,
  `empresatransportista` varchar(45) COLLATE utf8_bin DEFAULT NULL,
  `horainiciocarga` varchar(45) COLLATE utf8_bin DEFAULT NULL,
  `horaterminocarga` varchar(45) COLLATE utf8_bin DEFAULT NULL,
  `horadespacho` varchar(45) COLLATE utf8_bin DEFAULT NULL,
  `patentecamion` varchar(45) COLLATE utf8_bin DEFAULT NULL,
  `patentecarro` varchar(45) COLLATE utf8_bin DEFAULT NULL,
  `controlcalidad` varchar(45) COLLATE utf8_bin DEFAULT NULL,
  `encargadoturnofrio` varchar(45) COLLATE utf8_bin DEFAULT NULL,
  `condicionesdecarga` varchar(45) COLLATE utf8_bin DEFAULT NULL,
  `temporada` int(11) NOT NULL
) ENGINE=InnoDB DEFAULT CHARSET=utf8 COLLATE=utf8_bin;

-- --------------------------------------------------------

--
-- Estructura de tabla para la tabla `embalaje`
--

CREATE TABLE `embalaje` (
  `idembalaje` int(11) NOT NULL,
  `nombreembalaje` varchar(45) COLLATE utf8_bin NOT NULL,
  `pesototalaprox` float NOT NULL,
  `cajasporpallet` int(11) NOT NULL
) ENGINE=InnoDB DEFAULT CHARSET=utf8 COLLATE=utf8_bin;

--
-- Volcado de datos para la tabla `embalaje`
--

INSERT INTO `embalaje` (`idembalaje`, `nombreembalaje`, `pesototalaprox`, `cajasporpallet`) VALUES
(1, 'CAJA 8 KG', 8, 70),
(2, 'CAJA 10 KG', 10, 70),
(3, 'CAJA 30 LB', 13.62, 70);

-- --------------------------------------------------------

--
-- Estructura de tabla para la tabla `envase`
--

CREATE TABLE `envase` (
  `idenvase` int(11) NOT NULL,
  `nombreenvase` varchar(45) COLLATE utf8_bin NOT NULL,
  `pesoenvase` float NOT NULL,
  `cadenaenvase` varchar(100) COLLATE utf8_bin NOT NULL
) ENGINE=InnoDB DEFAULT CHARSET=utf8 COLLATE=utf8_bin;

--
-- Volcado de datos para la tabla `envase`
--

INSERT INTO `envase` (`idenvase`, `nombreenvase`, `pesoenvase`, `cadenaenvase`) VALUES
(9, 'BANDEJA 3/4', 1.35, '9,1.35'),
(10, 'BANDEJA 3/8 FRUTILLERA', 1.5, '10,1.5'),
(11, 'BANDEJA FRUTILLERA NEGRA', 2.5, '11,2.5'),
(12, 'BANDEJA BERRIES', 1.3, '12,1.3');

-- --------------------------------------------------------

--
-- Estructura de tabla para la tabla `estadorecepcion`
--

CREATE TABLE `estadorecepcion` (
  `idestadorecepcion` int(11) NOT NULL,
  `nombreestadorecepcion` varchar(45) COLLATE utf8_bin NOT NULL
) ENGINE=InnoDB DEFAULT CHARSET=utf8 COLLATE=utf8_bin;

--
-- Volcado de datos para la tabla `estadorecepcion`
--

INSERT INTO `estadorecepcion` (`idestadorecepcion`, `nombreestadorecepcion`) VALUES
(1, 'ACTIVO'),
(2, 'EN PROCESO'),
(3, 'PROCESADO');

-- --------------------------------------------------------

--
-- Estructura de tabla para la tabla `estadotemporada`
--

CREATE TABLE `estadotemporada` (
  `idestadotemporada` int(11) NOT NULL,
  `nombreestado` varchar(45) COLLATE utf8_bin NOT NULL
) ENGINE=InnoDB DEFAULT CHARSET=utf8 COLLATE=utf8_bin;

--
-- Volcado de datos para la tabla `estadotemporada`
--

INSERT INTO `estadotemporada` (`idestadotemporada`, `nombreestado`) VALUES
(1, 'ACTIVO'),
(2, 'HABILITADO'),
(3, 'TERMINADO');

-- --------------------------------------------------------

--
-- Estructura de tabla para la tabla `fruta`
--

CREATE TABLE `fruta` (
  `idfruta` int(11) NOT NULL,
  `nombrefruta` varchar(45) COLLATE utf8_bin NOT NULL
) ENGINE=InnoDB DEFAULT CHARSET=utf8 COLLATE=utf8_bin;

--
-- Volcado de datos para la tabla `fruta`
--

INSERT INTO `fruta` (`idfruta`, `nombrefruta`) VALUES
(5, 'ARANDANO'),
(6, 'ESPARRAGO'),
(8, 'FRAMBUESA'),
(7, 'FRUTILLA'),
(11, 'HONGOS'),
(1, 'KIWI'),
(9, 'MORA'),
(12, 'MORA CULTIVADA'),
(10, 'UVA');

-- --------------------------------------------------------

--
-- Estructura de tabla para la tabla `inicio`
--

CREATE TABLE `inicio` (
  `idinicio` int(11) NOT NULL,
  `titulo1` varchar(45) COLLATE utf8_bin DEFAULT NULL,
  `contenido1` text COLLATE utf8_bin,
  `titulo2` varchar(45) COLLATE utf8_bin DEFAULT NULL,
  `contenido2` text COLLATE utf8_bin,
  `imagen2` text COLLATE utf8_bin,
  `titulo3` varchar(45) COLLATE utf8_bin DEFAULT NULL,
  `contenido3` text COLLATE utf8_bin,
  `imagen3` text COLLATE utf8_bin
) ENGINE=InnoDB DEFAULT CHARSET=utf8 COLLATE=utf8_bin;

--
-- Volcado de datos para la tabla `inicio`
--

INSERT INTO `inicio` (`idinicio`, `titulo1`, `contenido1`, `titulo2`, `contenido2`, `imagen2`, `titulo3`, `contenido3`, `imagen3`) VALUES
(1, 'Titulo1', 'Contenido1', 'Titulo 2', 'Contenido 2', 'imageninicio/kiwi.jpeg', 'Titulo 3', 'Contenido 3. ', 'imageninicio/frutilla.jpg');

-- --------------------------------------------------------

--
-- Estructura de tabla para la tabla `lotependiente`
--

CREATE TABLE `lotependiente` (
  `foliolotependiente` int(11) NOT NULL,
  `kilospendientes` float NOT NULL
) ENGINE=InnoDB DEFAULT CHARSET=utf8 COLLATE=utf8_bin;

-- --------------------------------------------------------

--
-- Estructura de tabla para la tabla `mensaje`
--

CREATE TABLE `mensaje` (
  `idmensaje` int(11) NOT NULL,
  `emisor` int(11) NOT NULL,
  `destinatarios` text COLLATE utf8_bin NOT NULL,
  `mensaje` text COLLATE utf8_bin NOT NULL,
  `adjunto` text COLLATE utf8_bin,
  `asunto` text COLLATE utf8_bin
) ENGINE=InnoDB DEFAULT CHARSET=utf8 COLLATE=utf8_bin;

-- --------------------------------------------------------

--
-- Estructura de tabla para la tabla `migration`
--

CREATE TABLE `migration` (
  `version` varchar(180) COLLATE utf8_bin NOT NULL,
  `apply_time` int(11) DEFAULT NULL
) ENGINE=InnoDB DEFAULT CHARSET=utf8 COLLATE=utf8_bin;

-- --------------------------------------------------------

--
-- Estructura de tabla para la tabla `ordendeproceso`
--

CREATE TABLE `ordendeproceso` (
  `idordendeproceso` int(11) NOT NULL,
  `fechacreacionordendeproceso` date NOT NULL,
  `fechadeproceso` date NOT NULL,
  `estadoordendeproceso` int(11) NOT NULL,
  `temporada` int(11) NOT NULL,
  `fruta` int(11) NOT NULL,
  `embalaje` int(11) NOT NULL,
  `calidad` int(11) NOT NULL
) ENGINE=InnoDB DEFAULT CHARSET=utf8 COLLATE=utf8_bin;

-- --------------------------------------------------------

--
-- Estructura de tabla para la tabla `ordendereproceso`
--

CREATE TABLE `ordendereproceso` (
  `idordendereproceso` int(11) NOT NULL,
  `fechacreacionordendereproceso` date NOT NULL,
  `fechadereproceso` date NOT NULL,
  `estadoordendereproceso` int(11) NOT NULL,
  `temporada` int(11) NOT NULL,
  `embalaje` int(11) NOT NULL,
  `calidad` int(11) NOT NULL
) ENGINE=InnoDB DEFAULT CHARSET=utf8 COLLATE=utf8_bin;

-- --------------------------------------------------------

--
-- Estructura de tabla para la tabla `ordenpalletizaje`
--

CREATE TABLE `ordenpalletizaje` (
  `idordenpalletizaje` int(11) NOT NULL,
  `numeroordenreproceso` int(11) NOT NULL,
  `palletizaje` int(11) NOT NULL,
  `temporada` int(11) NOT NULL
) ENGINE=InnoDB DEFAULT CHARSET=utf8 COLLATE=utf8_bin;

-- --------------------------------------------------------

--
-- Estructura de tabla para la tabla `ordenrecepcion`
--

CREATE TABLE `ordenrecepcion` (
  `idordenrecepcion` int(11) NOT NULL,
  `numeroordenproceso` int(11) NOT NULL,
  `recepcion` int(11) NOT NULL,
  `temporadaproceso` int(11) NOT NULL,
  `estado` int(11) DEFAULT NULL,
  `kilos` float DEFAULT NULL
) ENGINE=InnoDB DEFAULT CHARSET=utf8 COLLATE=utf8_bin;

-- --------------------------------------------------------

--
-- Estructura de tabla para la tabla `palletdespacho`
--

CREATE TABLE `palletdespacho` (
  `id` int(11) NOT NULL,
  `pallet` int(11) NOT NULL,
  `despacho` int(11) NOT NULL,
  `temperatura` float DEFAULT NULL
) ENGINE=InnoDB DEFAULT CHARSET=utf8 COLLATE=utf8_bin;

-- --------------------------------------------------------

--
-- Estructura de tabla para la tabla `palletizaje`
--

CREATE TABLE `palletizaje` (
  `id` int(11) NOT NULL,
  `calidad` int(11) NOT NULL,
  `calibre` int(11) DEFAULT NULL,
  `embalaje` int(11) NOT NULL,
  `subembalaje` int(11) DEFAULT NULL,
  `cantidaddecajas` int(11) NOT NULL,
  `tipo` int(11) NOT NULL,
  `proceso` int(11) DEFAULT NULL,
  `unido` int(11) DEFAULT '0',
  `reproceso` int(11) DEFAULT NULL,
  `temporada` int(11) NOT NULL,
  `procesos` varchar(45) COLLATE utf8_bin DEFAULT NULL,
  `folios` varchar(45) COLLATE utf8_bin DEFAULT NULL,
  `estadodespacho` int(11) NOT NULL DEFAULT '0',
  `fecha` varchar(100) COLLATE utf8_bin DEFAULT NULL,
  `fechadespacho` date DEFAULT NULL
) ENGINE=InnoDB DEFAULT CHARSET=utf8 COLLATE=utf8_bin;

-- --------------------------------------------------------

--
-- Estructura de tabla para la tabla `palletunido`
--

CREATE TABLE `palletunido` (
  `idpalletunido` int(11) NOT NULL,
  `palletizaje` int(11) NOT NULL,
  `unido` int(11) NOT NULL
) ENGINE=InnoDB DEFAULT CHARSET=utf8 COLLATE=utf8_bin;

-- --------------------------------------------------------

--
-- Estructura de tabla para la tabla `proceso`
--

CREATE TABLE `proceso` (
  `numeroproceso` int(11) NOT NULL,
  `pesonetoproceso` float NOT NULL,
  `temporada` int(11) NOT NULL,
  `pesorealprocesado` float DEFAULT NULL,
  `fecha` date DEFAULT NULL
) ENGINE=InnoDB DEFAULT CHARSET=utf8 COLLATE=utf8_bin;

-- --------------------------------------------------------

--
-- Estructura de tabla para la tabla `proveedor`
--

CREATE TABLE `proveedor` (
  `idproveedor` int(11) NOT NULL,
  `nombreempresa` varchar(100) COLLATE utf8_bin NOT NULL,
  `nombreresponsable` varchar(60) COLLATE utf8_bin NOT NULL,
  `rutproveedor` varchar(45) COLLATE utf8_bin NOT NULL,
  `tipoproveedor` varchar(45) COLLATE utf8_bin NOT NULL,
  `telefonoproveedor` varchar(45) COLLATE utf8_bin DEFAULT NULL,
  `correoproveedor` varchar(45) COLLATE utf8_bin DEFAULT NULL,
  `region` varchar(45) COLLATE utf8_bin DEFAULT NULL,
  `comuna` varchar(45) COLLATE utf8_bin DEFAULT NULL,
  `direccion` varchar(45) COLLATE utf8_bin DEFAULT NULL
) ENGINE=InnoDB DEFAULT CHARSET=utf8 COLLATE=utf8_bin;

--
-- Volcado de datos para la tabla `proveedor`
--

INSERT INTO `proveedor` (`idproveedor`, `nombreempresa`, `nombreresponsable`, `rutproveedor`, `tipoproveedor`, `telefonoproveedor`, `correoproveedor`, `region`, `comuna`, `direccion`) VALUES
(4, 'PROVEEDOR1', 'JUAN PEREZ', '11111111-1', 'HOMOLOGADO', '9876543', 'proveedor1@gmail.com', 'ñUBLE', 'CHILLAN', ''),
(5, 'PROVEEDOR2', 'PEDRO FERNANDEZ', '22222222-2', 'HOMOLOGADO', '09887761', 'proveedor2@gmail.com', '', '', ''),
(6, 'PROVEEDOR3', 'EVELYN PARRA', '33333333-3', 'HOMOLOGADO', '72643826', 'proveedor3@gmail.com', '', '', ''),
(7, 'PROVEEDOR4', 'PATRICIO ORMAZABAL', '44444444-4', 'HOMOLOGADO', '98765472', 'proveedor4@gmail.com', '', '', ''),
(8, 'PROVEEDOR5', 'JORGE MORALES', '77777777-7', 'HOMOLOGADO', '7365991641', 'jorge@gmail.com', 'ÑUBLE', 'SAN FABIAN', ''),
(9, 'PROVEEDOR6', 'ANA MARIA', '66666666-6', 'HOMOLOGADO', '', 'proveedor6@gmail.com', 'ÑUBLE', 'CHILLAN', '');

-- --------------------------------------------------------

--
-- Estructura de tabla para la tabla `recepcion`
--

CREATE TABLE `recepcion` (
  `idrecepcion` int(11) NOT NULL,
  `temporada` int(11) NOT NULL,
  `foliorecepcion` int(11) NOT NULL,
  `fecharecepcion` date NOT NULL,
  `proveedor` int(11) NOT NULL,
  `guiatraslado` varchar(45) COLLATE utf8_bin DEFAULT NULL,
  `transporte` varchar(45) COLLATE utf8_bin DEFAULT NULL,
  `patente` varchar(45) COLLATE utf8_bin DEFAULT NULL,
  `fruta` int(11) NOT NULL,
  `variedad` int(11) DEFAULT NULL,
  `tipoenvase` int(11) NOT NULL,
  `cantidadenvases` int(11) NOT NULL,
  `tarapallets` float NOT NULL,
  `tara` float NOT NULL,
  `pesobruto` float NOT NULL,
  `estadorecepcion` int(11) NOT NULL,
  `pesoneto` float NOT NULL,
  `nombreultimamodificacion` varchar(45) COLLATE utf8_bin NOT NULL,
  `rutultimamodificacion` varchar(45) COLLATE utf8_bin NOT NULL,
  `estadopendiente` int(11) DEFAULT NULL,
  `kilospendientes` int(11) DEFAULT NULL
) ENGINE=InnoDB DEFAULT CHARSET=utf8 COLLATE=utf8_bin;

--
-- Volcado de datos para la tabla `recepcion`
--

INSERT INTO `recepcion` (`idrecepcion`, `temporada`, `foliorecepcion`, `fecharecepcion`, `proveedor`, `guiatraslado`, `transporte`, `patente`, `fruta`, `variedad`, `tipoenvase`, `cantidadenvases`, `tarapallets`, `tara`, `pesobruto`, `estadorecepcion`, `pesoneto`, `nombreultimamodificacion`, `rutultimamodificacion`, `estadopendiente`, `kilospendientes`) VALUES
(1, 25, 1, '2020-07-25', 4, '', '', '', 6, NULL, 9, 300, 36.23, 441.23, 1560, 1, 1118.77, 'JOSE IGNACIO  MORALES JIMENEZ', '11111111-1', 0, 0),
(2, 25, 2, '2020-07-26', 5, '', '', '', 6, NULL, 9, 569, 45, 813.15, 2998.3, 1, 2185.15, 'JOSE IGNACIO  MORALES JIMENEZ', '11111111-1', 0, 0),
(3, 25, 3, '2020-07-27', 6, '', '', '', 6, NULL, 9, 790, 52, 1118.5, 3950, 1, 2831.5, 'JOSE IGNACIO  MORALES JIMENEZ', '11111111-1', 0, 0),
(4, 25, 4, '2020-07-28', 7, '', '', '', 6, NULL, 9, 800, 52.5, 1132.5, 4200, 1, 3067.5, 'JOSE IGNACIO  MORALES JIMENEZ', '11111111-1', 0, 0),
(5, 25, 5, '2020-07-30', 4, '', '', '', 6, NULL, 9, 869, 48.5, 1221.65, 4571, 1, 3349.35, 'JOSE IGNACIO  MORALES JIMENEZ', '11111111-1', 0, 0),
(6, 25, 10, '2020-08-05', 4, '', '', '', 6, NULL, 9, 250, 22, 359.5, 890, 1, 530.5, 'JOSE IGNACIO  MORALES JIMENEZ', '11111111-1', 0, 0);

-- --------------------------------------------------------

--
-- Estructura de tabla para la tabla `reproceso`
--

CREATE TABLE `reproceso` (
  `numeroreproceso` int(11) NOT NULL,
  `pesonetoreproceso` float NOT NULL,
  `pesorealprocesado` float NOT NULL,
  `temporada` int(11) DEFAULT NULL,
  `fecha` date DEFAULT NULL
) ENGINE=InnoDB DEFAULT CHARSET=utf8 COLLATE=utf8_bin;

-- --------------------------------------------------------

--
-- Estructura de tabla para la tabla `slider`
--

CREATE TABLE `slider` (
  `idslider` int(11) NOT NULL,
  `texto` text COLLATE utf8_bin,
  `imagenslider` text COLLATE utf8_bin NOT NULL
) ENGINE=InnoDB DEFAULT CHARSET=utf8 COLLATE=utf8_bin;

--
-- Volcado de datos para la tabla `slider`
--

INSERT INTO `slider` (`idslider`, `texto`, `imagenslider`) VALUES
(3, '', 'imageninicio/tutti.jpg'),
(4, '', 'imageninicio/frutilla.jpg'),
(5, '', 'imageninicio/kiwi.jpeg');

-- --------------------------------------------------------

--
-- Estructura de tabla para la tabla `status`
--

CREATE TABLE `status` (
  `id` int(11) NOT NULL,
  `nombre_status` varchar(45) COLLATE utf8_bin NOT NULL
) ENGINE=InnoDB DEFAULT CHARSET=utf8 COLLATE=utf8_bin;

--
-- Volcado de datos para la tabla `status`
--

INSERT INTO `status` (`id`, `nombre_status`) VALUES
(1, 'HABILITADO'),
(2, 'INHABILITADO');

-- --------------------------------------------------------

--
-- Estructura de tabla para la tabla `subembalaje`
--

CREATE TABLE `subembalaje` (
  `idsubembalaje` int(11) NOT NULL,
  `nombresubembalaje` varchar(45) COLLATE utf8_bin NOT NULL
) ENGINE=InnoDB DEFAULT CHARSET=utf8 COLLATE=utf8_bin;

--
-- Volcado de datos para la tabla `subembalaje`
--

INSERT INTO `subembalaje` (`idsubembalaje`, `nombresubembalaje`) VALUES
(5, 'ENVASADO 4X2.5'),
(3, 'ENVASADO 8X1'),
(6, 'GRANEL 10'),
(4, 'GRANEL 10X1'),
(7, 'GRANEL 12'),
(9, 'GRANEL 1X10'),
(8, 'GRANEL 1X13.62'),
(1, 'GRANEL 1X8');

-- --------------------------------------------------------

--
-- Estructura de tabla para la tabla `temporada`
--

CREATE TABLE `temporada` (
  `idtemporada` int(11) NOT NULL,
  `temporada` varchar(45) COLLATE utf8_bin NOT NULL,
  `frutatemporada` int(11) NOT NULL,
  `anioinicio` int(11) NOT NULL,
  `aniotermino` int(11) NOT NULL,
  `estadotemporada` int(11) NOT NULL,
  `mesinicio` varchar(45) COLLATE utf8_bin NOT NULL,
  `mestermino` varchar(45) COLLATE utf8_bin DEFAULT NULL
) ENGINE=InnoDB DEFAULT CHARSET=utf8 COLLATE=utf8_bin;

--
-- Volcado de datos para la tabla `temporada`
--

INSERT INTO `temporada` (`idtemporada`, `temporada`, `frutatemporada`, `anioinicio`, `aniotermino`, `estadotemporada`, `mesinicio`, `mestermino`) VALUES
(24, 'TEMPORADA ARANDANO (ENERO-SEPTIEMBRE 2020)', 5, 2020, 2020, 2, 'ENERO', 'SEPTIEMBRE'),
(25, 'TEMPORADA ESPARRAGO (ENERO-OCTUBRE 2020)', 6, 2020, 2020, 1, 'ENERO', 'OCTUBRE');

-- --------------------------------------------------------

--
-- Estructura de tabla para la tabla `tipopalletizaje`
--

CREATE TABLE `tipopalletizaje` (
  `idtipopalletizaje` int(11) NOT NULL,
  `nombretipopalletizaje` varchar(45) COLLATE utf8_bin NOT NULL
) ENGINE=InnoDB DEFAULT CHARSET=utf8 COLLATE=utf8_bin;

--
-- Volcado de datos para la tabla `tipopalletizaje`
--

INSERT INTO `tipopalletizaje` (`idtipopalletizaje`, `nombretipopalletizaje`) VALUES
(1, 'PALLET'),
(3, 'REPROCESADO'),
(2, 'SALDO');

-- --------------------------------------------------------

--
-- Estructura de tabla para la tabla `tipo_user`
--

CREATE TABLE `tipo_user` (
  `id` int(11) NOT NULL,
  `nombre_tipo` varchar(45) COLLATE utf8_bin NOT NULL
) ENGINE=InnoDB DEFAULT CHARSET=utf8 COLLATE=utf8_bin;

--
-- Volcado de datos para la tabla `tipo_user`
--

INSERT INTO `tipo_user` (`id`, `nombre_tipo`) VALUES
(1, 'SUPER ADMINISTRADOR'),
(2, 'ADMINISTRADOR SIMPLE'),
(3, 'RECEPCION'),
(4, 'PRODUCCION'),
(5, 'CONTROL DE CALIDAD'),
(6, 'USUARIO SIMPLE');

-- --------------------------------------------------------

--
-- Estructura de tabla para la tabla `variedad`
--

CREATE TABLE `variedad` (
  `idvariedad` int(11) NOT NULL,
  `fruta` int(11) NOT NULL,
  `nombre` varchar(45) COLLATE utf8_bin NOT NULL
) ENGINE=InnoDB DEFAULT CHARSET=utf8 COLLATE=utf8_bin;

--
-- Índices para tablas volcadas
--

--
-- Indices de la tabla `calibre`
--
ALTER TABLE `calibre`
  ADD PRIMARY KEY (`idcalibre`),
  ADD KEY `fkfruta_idx` (`fruta`);

--
-- Indices de la tabla `calidad`
--
ALTER TABLE `calidad`
  ADD PRIMARY KEY (`idcalidad`),
  ADD KEY `calidadfkfruta_idx` (`fruta`);

--
-- Indices de la tabla `controltemporada`
--
ALTER TABLE `controltemporada`
  ADD PRIMARY KEY (`idcontroltemporada`),
  ADD UNIQUE KEY `idcontroltemporada_UNIQUE` (`idcontroltemporada`),
  ADD KEY `fktemporada_idx` (`controltemporada`);

--
-- Indices de la tabla `despacho`
--
ALTER TABLE `despacho`
  ADD PRIMARY KEY (`iddespacho`);

--
-- Indices de la tabla `embalaje`
--
ALTER TABLE `embalaje`
  ADD PRIMARY KEY (`idembalaje`),
  ADD UNIQUE KEY `nombreembalaje_UNIQUE` (`nombreembalaje`);

--
-- Indices de la tabla `envase`
--
ALTER TABLE `envase`
  ADD PRIMARY KEY (`idenvase`),
  ADD UNIQUE KEY `nombreenvase_UNIQUE` (`nombreenvase`),
  ADD UNIQUE KEY `idenvase_UNIQUE` (`idenvase`),
  ADD UNIQUE KEY `cadena_UNIQUE` (`cadenaenvase`);

--
-- Indices de la tabla `estadorecepcion`
--
ALTER TABLE `estadorecepcion`
  ADD PRIMARY KEY (`idestadorecepcion`),
  ADD UNIQUE KEY `idestadorecepcion_UNIQUE` (`idestadorecepcion`),
  ADD UNIQUE KEY `nombreestadorecepcion_UNIQUE` (`nombreestadorecepcion`);

--
-- Indices de la tabla `estadotemporada`
--
ALTER TABLE `estadotemporada`
  ADD PRIMARY KEY (`idestadotemporada`),
  ADD UNIQUE KEY `idestadotemporada_UNIQUE` (`idestadotemporada`),
  ADD UNIQUE KEY `nombreestado_UNIQUE` (`nombreestado`);

--
-- Indices de la tabla `fruta`
--
ALTER TABLE `fruta`
  ADD PRIMARY KEY (`idfruta`),
  ADD UNIQUE KEY `idfruta_UNIQUE` (`idfruta`),
  ADD UNIQUE KEY `nombrefruta_UNIQUE` (`nombrefruta`);

--
-- Indices de la tabla `inicio`
--
ALTER TABLE `inicio`
  ADD PRIMARY KEY (`idinicio`);

--
-- Indices de la tabla `lotependiente`
--
ALTER TABLE `lotependiente`
  ADD PRIMARY KEY (`foliolotependiente`);

--
-- Indices de la tabla `mensaje`
--
ALTER TABLE `mensaje`
  ADD PRIMARY KEY (`idmensaje`),
  ADD KEY `fkemisor_idx` (`emisor`);

--
-- Indices de la tabla `migration`
--
ALTER TABLE `migration`
  ADD PRIMARY KEY (`version`);

--
-- Indices de la tabla `ordendeproceso`
--
ALTER TABLE `ordendeproceso`
  ADD PRIMARY KEY (`idordendeproceso`),
  ADD UNIQUE KEY `idordendeproceso_UNIQUE` (`idordendeproceso`),
  ADD KEY `fktemporada_idx` (`temporada`),
  ADD KEY `fkembalaje_idx` (`embalaje`);

--
-- Indices de la tabla `ordendereproceso`
--
ALTER TABLE `ordendereproceso`
  ADD PRIMARY KEY (`idordendereproceso`);

--
-- Indices de la tabla `ordenpalletizaje`
--
ALTER TABLE `ordenpalletizaje`
  ADD PRIMARY KEY (`idordenpalletizaje`),
  ADD KEY `palletizajefk_idx` (`palletizaje`),
  ADD KEY `ordenreprocesofk_idx` (`numeroordenreproceso`);

--
-- Indices de la tabla `ordenrecepcion`
--
ALTER TABLE `ordenrecepcion`
  ADD PRIMARY KEY (`idordenrecepcion`),
  ADD KEY `foliorecepcionfk_idx` (`recepcion`),
  ADD KEY `ordendeprocesofk_idx` (`numeroordenproceso`);

--
-- Indices de la tabla `palletdespacho`
--
ALTER TABLE `palletdespacho`
  ADD PRIMARY KEY (`id`),
  ADD KEY `fkpallet_idx` (`pallet`),
  ADD KEY `fkdespacho_idx` (`despacho`);

--
-- Indices de la tabla `palletizaje`
--
ALTER TABLE `palletizaje`
  ADD PRIMARY KEY (`id`),
  ADD KEY `fkembalajefk_idx` (`embalaje`),
  ADD KEY `fksubembalaje_idx` (`subembalaje`),
  ADD KEY `fkproceso_idx` (`proceso`),
  ADD KEY `tipopalletizajefk_idx` (`tipo`),
  ADD KEY `reprocesofk_idx` (`reproceso`);

--
-- Indices de la tabla `palletunido`
--
ALTER TABLE `palletunido`
  ADD PRIMARY KEY (`idpalletunido`),
  ADD KEY `fkpalletizaje_idx` (`palletizaje`),
  ADD KEY `fkunido_idx` (`unido`);

--
-- Indices de la tabla `proceso`
--
ALTER TABLE `proceso`
  ADD PRIMARY KEY (`numeroproceso`);

--
-- Indices de la tabla `proveedor`
--
ALTER TABLE `proveedor`
  ADD PRIMARY KEY (`idproveedor`),
  ADD UNIQUE KEY `nombreempresa_UNIQUE` (`nombreempresa`);

--
-- Indices de la tabla `recepcion`
--
ALTER TABLE `recepcion`
  ADD PRIMARY KEY (`idrecepcion`),
  ADD UNIQUE KEY `idrecepcion_UNIQUE` (`idrecepcion`),
  ADD UNIQUE KEY `foliorecepcion_UNIQUE` (`foliorecepcion`),
  ADD KEY `temporadarecepcion_idx` (`temporada`),
  ADD KEY `frutarecepcionfk_idx` (`fruta`),
  ADD KEY `envasefk_idx` (`tipoenvase`),
  ADD KEY `estadorecepcionfk_idx` (`estadorecepcion`),
  ADD KEY `proveedorfk_idx` (`proveedor`);

--
-- Indices de la tabla `reproceso`
--
ALTER TABLE `reproceso`
  ADD PRIMARY KEY (`numeroreproceso`),
  ADD KEY `fknumeroreproceso_idx` (`numeroreproceso`);

--
-- Indices de la tabla `slider`
--
ALTER TABLE `slider`
  ADD PRIMARY KEY (`idslider`);

--
-- Indices de la tabla `status`
--
ALTER TABLE `status`
  ADD PRIMARY KEY (`id`);

--
-- Indices de la tabla `subembalaje`
--
ALTER TABLE `subembalaje`
  ADD PRIMARY KEY (`idsubembalaje`),
  ADD UNIQUE KEY `nombresubembalaje_UNIQUE` (`nombresubembalaje`);

--
-- Indices de la tabla `temporada`
--
ALTER TABLE `temporada`
  ADD PRIMARY KEY (`idtemporada`),
  ADD UNIQUE KEY `idtemporada_UNIQUE` (`idtemporada`),
  ADD UNIQUE KEY `temporada_UNIQUE` (`temporada`),
  ADD KEY `frutatemporadafk_idx` (`frutatemporada`),
  ADD KEY `estadotemporadafk_idx` (`estadotemporada`);

--
-- Indices de la tabla `tipopalletizaje`
--
ALTER TABLE `tipopalletizaje`
  ADD PRIMARY KEY (`idtipopalletizaje`),
  ADD UNIQUE KEY `nombretipopalletizaje_UNIQUE` (`nombretipopalletizaje`);

--
-- Indices de la tabla `tipo_user`
--
ALTER TABLE `tipo_user`
  ADD PRIMARY KEY (`id`);

--
-- Indices de la tabla `variedad`
--
ALTER TABLE `variedad`
  ADD PRIMARY KEY (`idvariedad`),
  ADD KEY `frutafk_idx` (`fruta`);

--
-- AUTO_INCREMENT de las tablas volcadas
--

--
-- AUTO_INCREMENT de la tabla `calibre`
--
ALTER TABLE `calibre`
  MODIFY `idcalibre` int(11) NOT NULL AUTO_INCREMENT, AUTO_INCREMENT=35;

--
-- AUTO_INCREMENT de la tabla `calidad`
--
ALTER TABLE `calidad`
  MODIFY `idcalidad` int(11) NOT NULL AUTO_INCREMENT, AUTO_INCREMENT=41;

--
-- AUTO_INCREMENT de la tabla `controltemporada`
--
ALTER TABLE `controltemporada`
  MODIFY `idcontroltemporada` int(11) NOT NULL AUTO_INCREMENT;

--
-- AUTO_INCREMENT de la tabla `despacho`
--
ALTER TABLE `despacho`
  MODIFY `iddespacho` int(11) NOT NULL AUTO_INCREMENT;

--
-- AUTO_INCREMENT de la tabla `embalaje`
--
ALTER TABLE `embalaje`
  MODIFY `idembalaje` int(11) NOT NULL AUTO_INCREMENT, AUTO_INCREMENT=4;

--
-- AUTO_INCREMENT de la tabla `envase`
--
ALTER TABLE `envase`
  MODIFY `idenvase` int(11) NOT NULL AUTO_INCREMENT, AUTO_INCREMENT=13;

--
-- AUTO_INCREMENT de la tabla `estadorecepcion`
--
ALTER TABLE `estadorecepcion`
  MODIFY `idestadorecepcion` int(11) NOT NULL AUTO_INCREMENT, AUTO_INCREMENT=4;

--
-- AUTO_INCREMENT de la tabla `estadotemporada`
--
ALTER TABLE `estadotemporada`
  MODIFY `idestadotemporada` int(11) NOT NULL AUTO_INCREMENT, AUTO_INCREMENT=4;

--
-- AUTO_INCREMENT de la tabla `fruta`
--
ALTER TABLE `fruta`
  MODIFY `idfruta` int(11) NOT NULL AUTO_INCREMENT, AUTO_INCREMENT=13;

--
-- AUTO_INCREMENT de la tabla `inicio`
--
ALTER TABLE `inicio`
  MODIFY `idinicio` int(11) NOT NULL AUTO_INCREMENT, AUTO_INCREMENT=2;

--
-- AUTO_INCREMENT de la tabla `mensaje`
--
ALTER TABLE `mensaje`
  MODIFY `idmensaje` int(11) NOT NULL AUTO_INCREMENT;

--
-- AUTO_INCREMENT de la tabla `ordendeproceso`
--
ALTER TABLE `ordendeproceso`
  MODIFY `idordendeproceso` int(11) NOT NULL AUTO_INCREMENT;

--
-- AUTO_INCREMENT de la tabla `ordendereproceso`
--
ALTER TABLE `ordendereproceso`
  MODIFY `idordendereproceso` int(11) NOT NULL AUTO_INCREMENT;

--
-- AUTO_INCREMENT de la tabla `ordenpalletizaje`
--
ALTER TABLE `ordenpalletizaje`
  MODIFY `idordenpalletizaje` int(11) NOT NULL AUTO_INCREMENT, AUTO_INCREMENT=6;

--
-- AUTO_INCREMENT de la tabla `ordenrecepcion`
--
ALTER TABLE `ordenrecepcion`
  MODIFY `idordenrecepcion` int(11) NOT NULL AUTO_INCREMENT, AUTO_INCREMENT=15;

--
-- AUTO_INCREMENT de la tabla `palletdespacho`
--
ALTER TABLE `palletdespacho`
  MODIFY `id` int(11) NOT NULL AUTO_INCREMENT, AUTO_INCREMENT=4;

--
-- AUTO_INCREMENT de la tabla `palletizaje`
--
ALTER TABLE `palletizaje`
  MODIFY `id` int(11) NOT NULL AUTO_INCREMENT;

--
-- AUTO_INCREMENT de la tabla `palletunido`
--
ALTER TABLE `palletunido`
  MODIFY `idpalletunido` int(11) NOT NULL AUTO_INCREMENT, AUTO_INCREMENT=31;

--
-- AUTO_INCREMENT de la tabla `proveedor`
--
ALTER TABLE `proveedor`
  MODIFY `idproveedor` int(11) NOT NULL AUTO_INCREMENT, AUTO_INCREMENT=10;

--
-- AUTO_INCREMENT de la tabla `recepcion`
--
ALTER TABLE `recepcion`
  MODIFY `idrecepcion` int(11) NOT NULL AUTO_INCREMENT, AUTO_INCREMENT=7;

--
-- AUTO_INCREMENT de la tabla `slider`
--
ALTER TABLE `slider`
  MODIFY `idslider` int(11) NOT NULL AUTO_INCREMENT, AUTO_INCREMENT=6;

--
-- AUTO_INCREMENT de la tabla `status`
--
ALTER TABLE `status`
  MODIFY `id` int(11) NOT NULL AUTO_INCREMENT, AUTO_INCREMENT=3;

--
-- AUTO_INCREMENT de la tabla `subembalaje`
--
ALTER TABLE `subembalaje`
  MODIFY `idsubembalaje` int(11) NOT NULL AUTO_INCREMENT, AUTO_INCREMENT=10;

--
-- AUTO_INCREMENT de la tabla `temporada`
--
ALTER TABLE `temporada`
  MODIFY `idtemporada` int(11) NOT NULL AUTO_INCREMENT, AUTO_INCREMENT=26;

--
-- AUTO_INCREMENT de la tabla `tipopalletizaje`
--
ALTER TABLE `tipopalletizaje`
  MODIFY `idtipopalletizaje` int(11) NOT NULL AUTO_INCREMENT, AUTO_INCREMENT=4;

--
-- AUTO_INCREMENT de la tabla `tipo_user`
--
ALTER TABLE `tipo_user`
  MODIFY `id` int(11) NOT NULL AUTO_INCREMENT, AUTO_INCREMENT=7;

--
-- AUTO_INCREMENT de la tabla `variedad`
--
ALTER TABLE `variedad`
  MODIFY `idvariedad` int(11) NOT NULL AUTO_INCREMENT;

--
-- Restricciones para tablas volcadas
--

--
-- Filtros para la tabla `calibre`
--
ALTER TABLE `calibre`
  ADD CONSTRAINT `fkfruta` FOREIGN KEY (`fruta`) REFERENCES `fruta` (`idfruta`) ON DELETE NO ACTION ON UPDATE NO ACTION;

--
-- Filtros para la tabla `calidad`
--
ALTER TABLE `calidad`
  ADD CONSTRAINT `calidadfkfruta` FOREIGN KEY (`fruta`) REFERENCES `fruta` (`idfruta`) ON DELETE NO ACTION ON UPDATE NO ACTION;

--
-- Filtros para la tabla `controltemporada`
--
ALTER TABLE `controltemporada`
  ADD CONSTRAINT `fktemporada` FOREIGN KEY (`controltemporada`) REFERENCES `temporada` (`idtemporada`) ON DELETE NO ACTION ON UPDATE NO ACTION;

--
-- Filtros para la tabla `mensaje`
--
ALTER TABLE `mensaje`
  ADD CONSTRAINT `fkemisor` FOREIGN KEY (`emisor`) REFERENCES `user` (`id`) ON DELETE NO ACTION ON UPDATE NO ACTION;

--
-- Filtros para la tabla `ordendeproceso`
--
ALTER TABLE `ordendeproceso`
  ADD CONSTRAINT `fkembalaje` FOREIGN KEY (`embalaje`) REFERENCES `embalaje` (`idembalaje`) ON DELETE NO ACTION ON UPDATE NO ACTION,
  ADD CONSTRAINT `temporadafk` FOREIGN KEY (`temporada`) REFERENCES `temporada` (`idtemporada`) ON DELETE NO ACTION ON UPDATE NO ACTION;

--
-- Filtros para la tabla `ordenpalletizaje`
--
ALTER TABLE `ordenpalletizaje`
  ADD CONSTRAINT `ordenreprocesofk` FOREIGN KEY (`numeroordenreproceso`) REFERENCES `ordendereproceso` (`idordendereproceso`) ON DELETE NO ACTION ON UPDATE NO ACTION,
  ADD CONSTRAINT `palletizajefk` FOREIGN KEY (`palletizaje`) REFERENCES `palletizaje` (`id`) ON DELETE NO ACTION ON UPDATE NO ACTION;

--
-- Filtros para la tabla `ordenrecepcion`
--
ALTER TABLE `ordenrecepcion`
  ADD CONSTRAINT `foliorecepcionfk` FOREIGN KEY (`recepcion`) REFERENCES `recepcion` (`foliorecepcion`) ON DELETE NO ACTION ON UPDATE NO ACTION,
  ADD CONSTRAINT `ordendeprocesofk` FOREIGN KEY (`numeroordenproceso`) REFERENCES `ordendeproceso` (`idordendeproceso`) ON DELETE NO ACTION ON UPDATE NO ACTION;

--
-- Filtros para la tabla `palletdespacho`
--
ALTER TABLE `palletdespacho`
  ADD CONSTRAINT `fkdespacho` FOREIGN KEY (`despacho`) REFERENCES `despacho` (`iddespacho`) ON DELETE NO ACTION ON UPDATE NO ACTION,
  ADD CONSTRAINT `fkpallet` FOREIGN KEY (`pallet`) REFERENCES `palletizaje` (`id`) ON DELETE NO ACTION ON UPDATE NO ACTION;

--
-- Filtros para la tabla `palletizaje`
--
ALTER TABLE `palletizaje`
  ADD CONSTRAINT `fkembalajefk` FOREIGN KEY (`embalaje`) REFERENCES `embalaje` (`idembalaje`) ON DELETE NO ACTION ON UPDATE NO ACTION,
  ADD CONSTRAINT `fksubembalaje` FOREIGN KEY (`subembalaje`) REFERENCES `subembalaje` (`idsubembalaje`) ON DELETE NO ACTION ON UPDATE NO ACTION,
  ADD CONSTRAINT `procesofk` FOREIGN KEY (`proceso`) REFERENCES `proceso` (`numeroproceso`) ON DELETE NO ACTION ON UPDATE NO ACTION,
  ADD CONSTRAINT `reprocesofk` FOREIGN KEY (`reproceso`) REFERENCES `reproceso` (`numeroreproceso`) ON DELETE NO ACTION ON UPDATE NO ACTION,
  ADD CONSTRAINT `tipopalletizajefk` FOREIGN KEY (`tipo`) REFERENCES `tipopalletizaje` (`idtipopalletizaje`) ON DELETE NO ACTION ON UPDATE NO ACTION;

--
-- Filtros para la tabla `palletunido`
--
ALTER TABLE `palletunido`
  ADD CONSTRAINT `fkpalletizaje` FOREIGN KEY (`palletizaje`) REFERENCES `palletizaje` (`id`) ON DELETE NO ACTION ON UPDATE NO ACTION,
  ADD CONSTRAINT `fkunido` FOREIGN KEY (`unido`) REFERENCES `palletizaje` (`id`) ON DELETE NO ACTION ON UPDATE NO ACTION;

--
-- Filtros para la tabla `proceso`
--
ALTER TABLE `proceso`
  ADD CONSTRAINT `fkproceso` FOREIGN KEY (`numeroproceso`) REFERENCES `ordendeproceso` (`idordendeproceso`) ON DELETE NO ACTION ON UPDATE NO ACTION;

--
-- Filtros para la tabla `recepcion`
--
ALTER TABLE `recepcion`
  ADD CONSTRAINT `envasefk` FOREIGN KEY (`tipoenvase`) REFERENCES `envase` (`idenvase`) ON DELETE NO ACTION ON UPDATE NO ACTION,
  ADD CONSTRAINT `estadorecepcionfk` FOREIGN KEY (`estadorecepcion`) REFERENCES `estadorecepcion` (`idestadorecepcion`) ON DELETE NO ACTION ON UPDATE NO ACTION,
  ADD CONSTRAINT `frutarecepcionfk` FOREIGN KEY (`fruta`) REFERENCES `fruta` (`idfruta`) ON DELETE NO ACTION ON UPDATE NO ACTION,
  ADD CONSTRAINT `proveedorfk` FOREIGN KEY (`proveedor`) REFERENCES `proveedor` (`idproveedor`) ON DELETE NO ACTION ON UPDATE NO ACTION,
  ADD CONSTRAINT `temporadarecepcion` FOREIGN KEY (`temporada`) REFERENCES `temporada` (`idtemporada`) ON DELETE NO ACTION ON UPDATE NO ACTION;

--
-- Filtros para la tabla `reproceso`
--
ALTER TABLE `reproceso`
  ADD CONSTRAINT `fknumeroreproceso` FOREIGN KEY (`numeroreproceso`) REFERENCES `ordendereproceso` (`idordendereproceso`) ON DELETE NO ACTION ON UPDATE NO ACTION;

--
-- Filtros para la tabla `temporada`
--
ALTER TABLE `temporada`
  ADD CONSTRAINT `estadotemporadafk` FOREIGN KEY (`estadotemporada`) REFERENCES `estadotemporada` (`idestadotemporada`) ON DELETE NO ACTION ON UPDATE NO ACTION,
  ADD CONSTRAINT `frutatemporadafk` FOREIGN KEY (`frutatemporada`) REFERENCES `fruta` (`idfruta`) ON DELETE NO ACTION ON UPDATE NO ACTION;

--
-- Filtros para la tabla `variedad`
--
ALTER TABLE `variedad`
  ADD CONSTRAINT `frutafk` FOREIGN KEY (`fruta`) REFERENCES `fruta` (`idfruta`) ON DELETE NO ACTION ON UPDATE NO ACTION;
COMMIT;

